t are the prime factors of c(q)?
2, 7
What are the prime factors of ((-2)/(-5))/(1/125)?
2, 5
Suppose -4 = w + 1. Let d be ((-2)/(-3))/((-2)/(-39)). Let i = w + d. List the prime factors of i.
2
List the prime factors of (-1 + (-188)/(-8))*24/4.
3, 5
Let j(l) = l**2 - 8. Let n be j(-6). List the prime factors of 831/21 + 12/n.
2, 5
Let c = -7 - -5. List the prime factors of 2 - c*14/4.
3
Let j(r) = 3*r**2 - r - 3. List the prime factors of j(-5).
7, 11
Let o(n) = 11*n**3 - n**2 + n. Let r be o(1). Suppose 19 = 2*x - r. Suppose 0 = -3*y + x + 48. List the prime factors of y.
3, 7
Let v be (2 - (0 + 1))*-9. Let o be 4/(-3)*v/6. Suppose 5*g - 60 = -o*f, 5*f + 34 = 4*g - 47. List the prime factors of g.
2, 7
Let f = 73 - 43. List the prime factors of f.
2, 3, 5
Suppose 0 = -3*q - 30 + 129. List the prime factors of q.
3, 11
Suppose 4*a - 67 - 13 = 0. Suppose -a = -5*i, r + 5*i = 40 - 15. Suppose 3 + r = 4*z. What are the prime factors of z?
2
Let h(o) = o**2 - 4*o + 7. Let t be h(9). Suppose 3*r = 41 + t. Let u = r - 21. What are the prime factors of u?
2, 5
Let g(m) = 7*m - 16. What are the prime factors of g(13)?
3, 5
Suppose -1 = f + 1. Let x be (-1)/2*(f + -2). Suppose 37 = 3*g - x*y, 5 + 58 = 5*g - 4*y. List the prime factors of g.
11
List the prime factors of 1555/9 + (-18)/(-81).
173
Suppose 5 = -0*r + r. Suppose k + 6 = 5*k - 2*p, -3*p - r = -5*k. List the prime factors of k.
2
Suppose -10*x + 7*x + 573 = 0. List the prime factors of x.
191
Suppose 214 = 5*k - 4*y, -3*k - 3*y + 123 = -0*k. List the prime factors of k.
2, 3, 7
Suppose 5 = h, -4 + 5 = 4*t - 3*h. Suppose -t*z = -7*z + 3. Suppose 5*v + z - 101 = 0. What are the prime factors of v?
2, 5
Let w = 18 - 9. Let i = -14 + 8. Let v = w + i. What are the prime factors of v?
3
Suppose -5*b + 82 = -5*u - 88, 4*u = -b + 39. List the prime factors of b.
5, 7
Let m(k) be the third derivative of k**4/8 + 3*k**2. List the prime factors of m(2).
2, 3
Suppose -g + 48 = -3*g. Let d be (6/(-9))/((-1)/g). Let c = d + 24. List the prime factors of c.
2
Suppose 2*u - 579 = -3*c, -15 = -8*u + 3*u. List the prime factors of c.
191
Suppose 14 = -3*z - 19. Let h = 15 + z. Suppose h*a = -6 + 38. List the prime factors of a.
2
What are the prime factors of (-39)/(-4) + (-11)/(-44)?
2, 5
Suppose 0 = -4*u + 3*r + r - 8, -r = -5*u - 2. Suppose u = -f + 6*f - 105. List the prime factors of f.
3, 7
Let w(z) = z**2 - 2*z + 3. Let x be w(2). Suppose 6 + 3 = x*l - 2*o, -4 = -2*l + 2*o. Suppose q - 13 = l*c, 0 = 4*q - 0*c + c - 10. List the prime factors of q.
3
List the prime factors of (-3 - -4) + (-3 - -142) + -2.
2, 3, 23
Let o(g) = g**2 - 2*g - 1. Let m be o(3). Suppose -18 + m = -2*v. What are the prime factors of v?
2
Suppose -3*r + 17 = 5. Suppose -r*j = j. Suppose -c + 4 + 4 = j. List the prime factors of c.
2
Suppose -5*y = -6*y - 3. List the prime factors of y/6 + (-292)/(-8).
2, 3
Let u(t) = 50*t**2 + 6*t - 10. List the prime factors of u(2).
2, 101
Let u be (-8068)/16 - (-1)/4. Let s = 356 + u. List the prime factors of s/(-12) - (-4)/6.
13
Let j be 4/3 + 4/6. Suppose -f - 3*p = -7, -f + 3*p = 1 - j. What are the prime factors of 38/8 - (-1)/f?
5
Let i = -3 + 7. Suppose -5*j + 24 = -3*l + i*l, 2*l - j = 4. List the prime factors of l.
2
Let d be (-1)/(-5) - (-2164)/(-20). Let k = -62 - d. List the prime factors of k.
2, 23
Let u = -150 - -230. List the prime factors of u.
2, 5
Suppose -23 = 4*c + 5. Let d(n) = -2*n - 9. What are the prime factors of d(c)?
5
Suppose 2 = 2*v - 3*d, v - 3*d + 4*d = -4. Suppose -2*i - 7 = -2*b + 1, -8 = -2*b. What are the prime factors of 10/(v - -3) + i?
2, 5
Let q(p) = p - 1. Suppose b + 0 = 2. Let x be q(b). What are the prime factors of (12 - -2) + x + -3?
2, 3
Let x(w) = -w**3 - 13*w**2 - 9*w + 16. What are the prime factors of x(-13)?
7, 19
Let w(t) = -11*t**3 + 3*t + 2. List the prime factors of w(-2).
2, 3, 7
Suppose -6*l + 6 = -l + 3*q, 2*l + 4*q - 8 = 0. Suppose l = 5*m - 2*m - 9. What are the prime factors of m?
3
Let o(a) = 2*a**2 + 1. Let t be o(-1). Suppose -5*y = -5*z + 3*z + 29, t*y + 36 = -5*z. Let r = 5 - y. What are the prime factors of r?
2, 3
Let f(g) = g**3 - g**2 - g + 4. Let d be 10/(-5)*9/(-6). List the prime factors of f(d).
19
Suppose -2*y = -4*v - 0*v + 28, -3*y - 22 = -2*v. Suppose 0*b + 25 = v*b. What are the prime factors of b?
5
Let h(u) = 30*u**3 + 2*u + 1. Let t be h(-1). Let w = t + 44. List the prime factors of w.
13
Let c be -1*(2 + -3)*52. Let r = -37 + c. List the prime factors of r.
3, 5
Suppose 0 = -3*g + 1 + 14. Suppose -5 = -5*y + g. Let d = y - -9. What are the prime factors of d?
11
Suppose -h + 5*p = -28, 4*h = 8*h + 5*p + 13. Let c be (-1 - (-3 + 9))/(-1). Let j = c + h. List the prime factors of j.
2, 5
Suppose -2*n - 36 = -6*n. What are the prime factors of n?
3
Let i = 27 - 16. Let b = i - -9. List the prime factors of 4/b + 88/10.
3
Let j(u) = -u**3 - 6*u**2 + 5*u - 9. List the prime factors of j(-8).
79
Let b(y) = -y**3 + 3*y**2 + y + 1. Let h be b(3). Suppose -5*u - h*m = -23, 2*u - 2*m = -0*u + 20. Let q = 2 + u. List the prime factors of q.
3
What are the prime factors of (-3 - 1) + (119 - -2)?
3, 13
Let s = 9 - 6. Suppose -s*w + 5*w = 0. Suppose 3*f = 3*j - 6, 3*f - 14 = -j - w*f. List the prime factors of j.
5
Suppose 212 = 5*v - 3*v. List the prime factors of v.
2, 53
Let y(k) = -k**3 - 9*k**2 + 5. Suppose 2*x + 12 = -6. Let u be y(x). Suppose -f - 2*z + 21 = 0, -8*z = -u*f - 4*z + 77. What are the prime factors of f?
17
Let n(a) = -8 - 2*a**3 - 3*a**2 - 6*a + 3*a**3 + 11. List the prime factors of n(5).
23
Let w(m) = 2*m + 16. What are the prime factors of w(5)?
2, 13
Let k(h) be the third derivative of h**5/60 + h**4/12 + 5*h**3/6 + 2*h**2. Let r be k(-4). Let a = r - 4. List the prime factors of a.
3
Let h(y) = -20*y - 5. List the prime factors of h(-2).
5, 7
Suppose 3*v - 3 - 9 = 0. Suppose 15 = v*h + 5*l + 251, 4*h = 2*l - 208. Let k = -33 - h. What are the prime factors of k?
3, 7
Suppose -12 - 34 = -2*v. What are the prime factors of v?
23
Let l be 20/(-8)*(-16)/5. Suppose -5*k + 6 = -4*g, 0 = -3*k + l*k - 5*g - 5. What are the prime factors of k?
2
Suppose -48 = -4*c + 16. What are the prime factors of (5*c)/4 + 3?
23
Let t(d) = -3*d - 13. Let i = 9 - 25. What are the prime factors of t(i)?
5, 7
Suppose -4*q + 2*q + 2*u + 20 = 0, 60 = 4*q + u. List the prime factors of q.
2, 7
Let j(z) be the first derivative of z**3/3 + z**2 + 2. Let k be j(-2). Suppose 3*g - 23 - 10 = k. What are the prime factors of g?
11
Let k = -104 - -184. What are the prime factors of k?
2, 5
What are the prime factors of (-1)/(3*(-2)/366)?
61
Let v(b) = b**3 + 10*b**2 + 6*b + 5. List the prime factors of v(-4).
7, 11
Let v(l) = l**2 - 3*l - 1. Let w be v(4). Suppose -w*d + 24 + 33 = 0. Suppose -5 = -2*q + d. What are the prime factors of q?
2, 3
List the prime factors of -1*(0 + 0) + (26 - -44).
2, 5, 7
Suppose 0 = 8*x - 6*x - 146. List the prime factors of x.
73
Suppose -5*p - 2*x + 3*x = -31, 2 = -2*x. Suppose 0 = -4*v + 5*k - 7, k = -2*v - k + 10. Let y = p - v. What are the prime factors of y?
2
Suppose -2*g = 2*g - 84. List the prime factors of g.
3, 7
Suppose -3*a - 2*a = -4*y + 42, -3*a + 4*y - 30 = 0. Let w(h) = 2*h**2 + 4*h - 6. List the prime factors of w(a).
2, 3, 7
Let f(v) = -3*v + 19. Let h(c) = -4*c + 20. Let k(w) = 5*f(w) - 4*h(w). Let q be 3/(-2 + 13/8). List the prime factors of k(q).
7
Let d(v) = -v + 7. Let c be d(8). Let g be (2 + c)*-1*-2. What are the prime factors of 17/2 - 1/g?
2
Let t = -4 + 50. What are the prime factors of t?
2, 23
Let n(w) be the first derivative of -w**3 + w - 1/4*w**4 + 2 + 0*w**2. What are the prime factors of n(-4)?
17
Suppose 4*u - 3*v - 34 = 5, 4*u - 9 = -3*v. Let c = -2 + 5. List the prime factors of 42/4 + c/u.
11
Let n = -3 - -4. Let b(m) = m**3 - 2*m + 1. Let u be b(n). What are the prime factors of (-2 + -20)/(-2 + u)?
11
Let p = 3 - 3. Suppose o - 5*o + 48 = p. List the prime factors of o.
2, 3
Let j = -8 - -19. Let y = j + -1. What are the prime factors of y?
2, 5
Let u = 237 - -13. What are the prime factors of u?
2, 5
Let d be 10/4*(17 - -5). Suppose 4*j - 3*r = -0*r + 115, 2*j - r = d. What are the prime factors of j?
5
Let q(h) be the second derivative of -h**5/20 +